*z - 3. Let a = -4 + 6. Let u be y(a). Suppose h - 9 = u. List the prime factors of h.
2
Suppose -3*j + 20 = -7*j, 0 = -5*f + j + 275. List the prime factors of f.
2, 3
Let j(m) = m + 4. Let l be j(-4). Suppose l = -3*g - 0*g + 27. List the prime factors of g.
3
Let w = -124 - -390. What are the prime factors of w?
2, 7, 19
Suppose -2*s + 52 = 2*s. List the prime factors of s.
13
Let m = 20 - 10. Let b be 104/m*20/8. Suppose 2*h = -0*h + b. What are the prime factors of h?
13
Let j(t) = -t**3 - 15*t**2 - 14*t - 1. Let c be j(-14). Let f(y) = -22*y + 1. List the prime factors of f(c).
23
Suppose 2*j - 6 = 0, 4*i + 0*j + 2*j = 18. Let b be ((i + -2)*0)/(-3). Suppose -4*c - 3*y + 59 - 13 = b, -3*c = -2*y - 43. List the prime factors of c.
13
Let o = -28 + 57. List the prime factors of o.
29
Let u(h) = h + 14. What are the prime factors of u(6)?
2, 5
Let j = -277 + 458. What are the prime factors of j?
181
Let b(d) = -d**2 - 9*d - 5. Let r = -14 - -6. List the prime factors of b(r).
3
Suppose 24 = 2*a - a. Let j = a - 12. What are the prime factors of j?
2, 3
Let l = 17 + -10. Let q = 41 - l. Let b = -23 + q. What are the prime factors of b?
11
Suppose 4 = -5*w + 19. Let v(t) = -5*t + 3. Let r be v(w). Let x = 18 + r. What are the prime factors of x?
2, 3
Let p(g) = g**2 + 3*g - 2. Let c be p(-4). Suppose -2*j = c*j + 8. List the prime factors of 1 - j/(-2) - -13.
13
Suppose 5*i + t - 15 = 2*i, -2*t - 36 = -5*i. Let o(z) be the second derivative of z**5/20 - z**4/2 + z**3/3 - z**2/2 - 5*z. List the prime factors of o(i).
11
Suppose -5*i = -i - 5*n + 24, -n = 3*i + 37. Let d = -10 - i. What are the prime factors of d/(3 + 51/(-18))?
2, 3
Let p be ((-1)/2)/((-2)/168). Let z = p + -29. What are the prime factors of z?
13
Let g(z) be the second derivative of 1/3*z**3 + 0 + 3*z - 5*z**2. List the prime factors of g(8).
2, 3
Suppose -483*l + 765 = -480*l. List the prime factors of l.
3, 5, 17
Let f = -16 - -41. Let m = f + -41. What are the prime factors of 9/(-3)*m/6?
2
Suppose w = 1, -5*p = -4*p - 5*w - 19. List the prime factors of p.
2, 3
Let r = 5 + 2. What are the prime factors of r?
7
Let h be 3/((-3)/(-6)*3). Let t(x) = -3*x - 3*x + 3*x - x**3 - 6*x**2 - h*x + 2. What are the prime factors of t(-5)?
2
Suppose -k = 1 + 2. Let z = 3 + k. Suppose -3*s + 2*p + 38 = z, 3*p + 23 + 9 = 2*s. What are the prime factors of s?
2, 5
What are the prime factors of (-1386)/(-27) + 1/(-3)?
3, 17
Let f = -331 - -236. Let p = 134 + f. What are the prime factors of p?
3, 13
Let s be (0 - 0)*1/3. Let f = s - 0. Suppose -12 + f = -3*x. What are the prime factors of x?
2
Suppose 3*v + 5*s + 31 = 0, 14 = -v - v - 2*s. What are the prime factors of 18*(-5)/(15/v)?
2, 3
Let g = 8 + -5. Let a(x) = 1 + 0 - g + 4*x. What are the prime factors of a(2)?
2, 3
Suppose s + 5*g - 31 = 0, -2*g - 20 = -5*s - 0*g. List the prime factors of s - 6 - (-9 + 0).
3
Let z(k) = -k + 2. Suppose -4 = 3*g - 2*t, 2 + 2 = 3*g + 2*t. Let u be z(g). Suppose 3*v - 11 = u*v. What are the prime factors of v?
11
Suppose 0 = -2*s - 3*i + 268, -s = -3*i - 120 - 5. List the prime factors of s.
131
Let x(i) be the second derivative of -i**4/12 + 7*i**3/6 + i**2 - 2*i. Let k be x(6). Suppose w + c = k, 4*w - 12 = -4*c + 5*c. What are the prime factors of w?
2
Let t be (-86)/(-10) - 2/(-5). Let s = t + -1. What are the prime factors of s?
2
Suppose 5*k + 2 = -3. Let l = k + 2. Let f = 3 - l. List the prime factors of f.
2
Let x = 49 - -148. What are the prime factors of x?
197
Suppose p = 4*o - 1, -3*o + 17 = -2*p - 2*p. Let f = 30 + p. List the prime factors of f.
5
Let c(o) = o + 4. Let g be c(0). Suppose 0 = t - g*t. List the prime factors of 33/(t - 3/(-2)).
2, 11
Let r(t) be the third derivative of t**6/120 + t**4/24 + t**3/2 - 5*t**2. What are the prime factors of r(3)?
3, 11
Let x(q) = -q**3 + 11*q**2 + 14*q - 12. Let t be 0 - -11 - (1 + -2). List the prime factors of x(t).
2, 3
Suppose 0 = -z + 4*k + 18, -z + 4*z - 3 = -5*k. What are the prime factors of z?
2, 3
Let r be 8/(-6) - 2/3. Let g be (-23)/3 - 18/(-27). Let h = r - g. List the prime factors of h.
5
Suppose 2*m = -p - 16, 5*p - p + 5*m + 73 = 0. Let d = 11 + p. What are the prime factors of -4 - -1 - (-4 + d)?
2, 3
Let o = 25 - 22. Suppose -2*v + 29 = o*c - 60, -3*v + 5*c = -143. List the prime factors of v.
2, 23
Let r(y) = -y**2 + 2*y + 4. Let p = 5 + -2. Let l be r(p). Suppose 0 = n - 2 - l. List the prime factors of n.
3
Let b = 24 - 22. What are the prime factors of b?
2
Let f = 7 + -7. Suppose f = 2*x - 3*x + 7. What are the prime factors of x?
7
Let d = 4 - 4. Suppose 0 = -2*k + 8 - d. Suppose -5*j + 27 = 3*l, 4*j - k*l - 1 = -5. List the prime factors of j.
3
Suppose 2*l + 0*l = 0. Let n(u) = 2*u**2 - u**3 + 6 + 4*u**2 - u - 6*u**2. List the prime factors of n(l).
2, 3
Let g(y) = -y**2. Let k be 0 + -2 + 2/1. Let h be g(k). Suppose 0 = -h*z + 3*z - 27. What are the prime factors of z?
3
Suppose -4*s - 4*f + 4 = 0, 3*f - 6*f = 2*s - 1. Suppose -h - s = -0*w + 5*w, -4*h + 10 = 2*w. List the prime factors of w/(-4) - (-161)/28.
2, 3
Let k = -3 - -7. What are the prime factors of k?
2
Let q(x) = 2*x + 6. Let d be q(5). Suppose 3*f + 4 - d = 0. Suppose u + 42 = 5*i, 0 = -f*i + 2*u + 3*u + 21. List the prime factors of i.
3
Suppose -9 = 3*i, 2*x - 2*i = i + 19. Suppose 0 = -2*q + b + 9, -4*q + 4*b + 13 = 1. Suppose x*m = 2*m + q. List the prime factors of m.
2
Suppose 4*a - 2*v + 32 = 0, a + 3*v - 41 = 6*a. Let g(y) = -y**3 - 6*y**2 + y - 5. What are the prime factors of g(a)?
37
Let c(h) = h**2 - 9*h - 8. Suppose 3*o + 5*f = 35, -3*o + 2*f + 27 = -f. Let p be c(o). Suppose 0*w + p*w = 4. List the prime factors of w.
2
Suppose -3*v = -v. Suppose 6 = o - v*o. What are the prime factors of o?
2, 3
Suppose -2*k - 218 = -4*s, 3*s - k - 71 = 94. What are the prime factors of s?
2, 7
Let s = -1 + 3. Let c(o) = 2 + 5 + 7*o**s - 6 + 5*o**2. List the prime factors of c(-1).
13
Let y = -5 - 10. List the prime factors of 6*y/(-9) + 2.
2, 3
Let s(j) = -4*j + 11. List the prime factors of s(-8).
43
Let d(h) = -h**3 + 8*h**2 - 6*h - 10. List the prime factors of d(6).
2, 13
Let t be (4/16)/((-2)/(-8)). Let l = 9 + t. What are the prime factors of l?
2, 5
Let d(q) = 2*q + 2. Let z be d(0). What are the prime factors of 1720/45 - z/9?
2, 19
Suppose 933 = 3*j + 2*j - 2*x, -4*j + 753 = 5*x. What are the prime factors of j?
11, 17
Suppose 0 = -3*j + 3*l + 3, 2*j - 3*j - 2*l = -7. Suppose -8*o + 50 = -j*o. List the prime factors of 2/o + (-156)/(-20).
2
Suppose 0 = -2*i - 3*v + 162, 3*i - 2*v + 120 = 350. What are the prime factors of i?
2, 3, 13
Let a = 10 - 36. Let u = a - -36. List the prime factors of u.
2, 5
Let z(m) be the second derivative of -m**3 + 7*m**2 - 7*m. What are the prime factors of z(-5)?
2, 11
Suppose 0*l = -3*l + 6, -4*d = -5*l - 22. What are the prime factors of d?
2
Let j(n) = 3*n + 17. Let h be j(-8). Let w(m) = -2*m - 6 - m + 0*m. What are the prime factors of w(h)?
3, 5
Let y(p) = 22*p**3 - p**2. What are the prime factors of y(1)?
3, 7
Let w(z) = -z**2 - 10*z + 14. Let k be w(-11). Suppose 0*y + 4*y - 10 = -2*f, y + k*f = -5. What are the prime factors of y?
2
Let x be -3*(-3)/(27/33). Suppose -3*r + 47 = x. List the prime factors of r.
2, 3
Let i be (-81)/(-5) - 1/5. Let w = -7 + i. List the prime factors of w.
3
Let k(g) = -3*g - 20. List the prime factors of k(-11).
13
Suppose -3*c + 5*c - 58 = 0. What are the prime factors of c?
29
Suppose -2*z = -100 + 30. Suppose 3*a - z = -2*x + 11, a - 20 = -3*x. What are the prime factors of a?
2, 7
Let z(k) = -315*k**3 + 3*k**2 - 1. List the prime factors of z(-1).
317
Let n(d) = -d + 2. Let j be n(-2). Suppose -2*k - 16 = -5*p + 2, 0 = 2*k + 8. Suppose p - j = -c. What are the prime factors of c?
2
Suppose -6 = -2*r - 4. Suppose 2*a - r = 5. What are the prime factors of 22/a + 2/3?
2
Let c = 1 - -4. Suppose -21 - 39 = -c*a. What are the prime factors of a?
2, 3
Let z(u) = -u + 29. Let c(k) = k**2 - 6*k. Let b be c(6). Let x be z(b). Suppose 0*a - a = 5*m - x, 4*m = -2*a + 28. What are the prime factors of a?
2
Let d = -2 - -2. Suppose -r + 12 = -2*z - 2*z, -4*r - 3*z + 67 = d. List the prime factors of r.
2
Suppose -5*p + 9*p + 16 = 0. What are the prime factors of 8/10*(-150)/p?
